{"id":4,"date":"2019-09-05T14:29:35","date_gmt":"2019-09-05T14:29:35","guid":{"rendered":"http:\/\/morgangarage.de\/?page_id=4"},"modified":"2019-09-06T16:19:15","modified_gmt":"2019-09-06T16:19:15","slug":"herzlich-willkommen-in-der-morgan-garage-matthias-kreyes","status":"publish","type":"page","link":"https:\/\/morgangarage.de\/","title":{"rendered":"Herzlich willkommen in der Morgan Garage Matthias Kreyes"},"content":{"rendered":"\n<p><\/p>\n\n\n\n<div class=\"wp-block-image\"><figure class=\"aligncenter is-resized\"><img decoding=\"async\" loading=\"lazy\" src=\"http:\/\/morgangarage.de\/wp-content\/uploads\/2019\/09\/logo_website.gif\" alt=\"\" class=\"wp-image-27\" width=\"1200\" height=\"163\"\/><\/figure><\/div>\n\n\n\n<p><\/p>\n\n\n\n<p class=\"has-text-color has-very-dark-gray-color\"><strong>Wir betreiben einen\nSpezialbetrieb ausschlie\u00dflich f\u00fcr Morgan und bieten folgende Leistungen: <\/strong><\/p>\n\n\n\n<p class=\"has-text-color has-very-dark-gray-color\"><strong>Komplett- und Teilrestaurationen <\/strong>aller Morgan mit langj\u00e4hriger      Erfahrung. Wir legen dabei \u00e4u\u00dferst gro\u00dfen Wert auf korrekte, authentische Restaurationen. Viele Referenzen! <\/p>\n\n\n\n<p class=\"has-text-color has-very-dark-gray-color\"><strong>Unfallschaden-Reparaturen <\/strong>mit sinnvollen Verbesserungen <\/p>\n\n\n\n<p class=\"has-text-color has-very-dark-gray-color\"><strong>Fahrwerksverbesserungen<\/strong> ausschlie\u00dflich mit hundertefach erprobten und verkauften Komponenten. Langj\u00e4hrige Erfahrung! Effektiv und preiswert! <\/p>\n\n\n\n<p class=\"has-text-color has-very-dark-gray-color\"><strong>Hardtops <\/strong>f\u00fcr alle 2-sitzer Morgan aus eigener, lizensierter Herstellung des \u201eOriginals\u201c bis zu den Baujahren ca. 2002 <\/p>\n\n\n\n<p class=\"has-text-color has-very-dark-gray-color\"><strong>Bremsanlagen<\/strong> vom verbesserten Serienbelag bis zur gro\u00dfen Bremsanlage <\/p>\n\n\n\n<p class=\"has-text-color has-very-dark-gray-color\"><strong>Original-Morgan-Ersatzteile <\/strong>aus gut sortiertem Lagerbestand      <\/p>\n\n\n\n<p class=\"has-text-color has-very-dark-gray-color\"><strong>Motorumbauten, Modifikationen, Tuning <\/strong>in \u201etraditioneller\u201c, bew\u00e4hrter Art, wie Hubraumvergr\u00f6\u00dferung, Kopfbearbeitung, Nockenwellen etc. <\/p>\n\n\n\n<p class=\"has-text-color has-very-dark-gray-color\"><strong>Sinnvolles Zubeh\u00f6r und technische Modifikationen <\/strong>wie z.B. ausgesuchtes Edelstahlzubeh\u00f6r, verbesserte K\u00fchler, auch in Alu etc. <\/p>\n\n\n\n<p class=\"has-text-color has-very-dark-gray-color\"><strong>Schwellerverkleidungen,<\/strong> wohl einer der wichtigsten und sinnvollsten Verbesserungen am Morgan (Schlu\u00df mit Holzproblemen!) <\/p>\n\n\n\n<p class=\"has-text-color has-very-dark-gray-color\"><strong>Edelstahlauspuffanlagen<\/strong> in erprobten, bew\u00e4hrten Ausf\u00fchrungen! <\/p>\n\n\n\n<p class=\"has-text-color has-very-dark-gray-color\"><strong>Motorsportvorbereitung<\/strong> z.B. des \u201e24Std.-Morgan\u201c, Einbau von \u00dcberrollb\u00fcgeln und Seitenprallschutz etc. <\/p>\n\n\n\n<p class=\"has-text-color has-very-dark-gray-color\"><strong>Verkauf von Gebrauchtfahrzeugen<\/strong>, auch seltene und\/oder \u201espezielle\u201c wie z.B. ein Kompressor +8 oder ein historischer Renn-Morgan. <\/p>\n\n\n\n<p class=\"has-text-color has-very-dark-gray-color\"><strong>Kurzum: \u201eAlles rund um Morgan\u201c <\/strong><br><br><\/p>\n\n\n\n<ul class=\"is-layout-flex wp-block-gallery-1 wp-block-gallery columns-3 is-cropped\"><li class=\"blocks-gallery-item\"><figure><img decoding=\"async\" loading=\"lazy\" width=\"230\" height=\"158\" src=\"http:\/\/morgangarage.de\/wp-content\/uploads\/2019\/09\/lp_b3.gif\" alt=\"\" data-id=\"24\" data-link=\"http:\/\/morgangarage.de\/?attachment_id=24\" class=\"wp-image-24\"\/><\/figure><\/li><li class=\"blocks-gallery-item\"><figure><img decoding=\"async\" loading=\"lazy\" width=\"230\" height=\"158\" src=\"http:\/\/morgangarage.de\/wp-content\/uploads\/2019\/09\/logo_links.gif\" alt=\"\" data-id=\"21\" data-link=\"http:\/\/morgangarage.de\/?attachment_id=21\" class=\"wp-image-21\"\/><\/figure><\/li><li class=\"blocks-gallery-item\"><figure><img decoding=\"async\" loading=\"lazy\" width=\"230\" height=\"158\" src=\"http:\/\/morgangarage.de\/wp-content\/uploads\/2019\/09\/lp_b2.gif\" alt=\"\" data-id=\"23\" data-link=\"http:\/\/morgangarage.de\/?attachment_id=23\" class=\"wp-image-23\"\/><\/figure><\/li><li class=\"blocks-gallery-item\"><figure><img decoding=\"async\" loading=\"lazy\" width=\"1024\" height=\"768\" src=\"http:\/\/morgangarage.de\/wp-content\/uploads\/2019\/09\/IMGP4971-1024x768.jpg\" alt=\"\" data-id=\"20\" data-link=\"http:\/\/morgangarage.de\/?attachment_id=20\" class=\"wp-image-20\" srcset=\"https:\/\/morgangarage.de\/wp-content\/uploads\/2019\/09\/IMGP4971-1024x768.jpg 1024w, https:\/\/morgangarage.de\/wp-content\/uploads\/2019\/09\/IMGP4971-300x225.jpg 300w, https:\/\/morgangarage.de\/wp-content\/uploads\/2019\/09\/IMGP4971-768x576.jpg 768w, https:\/\/morgangarage.de\/wp-content\/uploads\/2019\/09\/IMGP4971.jpg 1600w\" sizes=\"(max-width: 1024px) 100vw, 1024px\" \/><\/figure><\/li><li class=\"blocks-gallery-item\"><figure><img decoding=\"async\" loading=\"lazy\" width=\"1024\" height=\"768\" src=\"http:\/\/morgangarage.de\/wp-content\/uploads\/2019\/09\/IMGP2522-1024x768.jpg\" alt=\"\" data-id=\"18\" data-link=\"http:\/\/morgangarage.de\/?attachment_id=18\" class=\"wp-image-18\" srcset=\"https:\/\/morgangarage.de\/wp-content\/uploads\/2019\/09\/IMGP2522-1024x768.jpg 1024w, https:\/\/morgangarage.de\/wp-content\/uploads\/2019\/09\/IMGP2522-300x225.jpg 300w, https:\/\/morgangarage.de\/wp-content\/uploads\/2019\/09\/IMGP2522-768x576.jpg 768w, https:\/\/morgangarage.de\/wp-content\/uploads\/2019\/09\/IMGP2522.jpg 1600w\" sizes=\"(max-width: 1024px) 100vw, 1024px\" \/><\/figure><\/li><li class=\"blocks-gallery-item\"><figure><img decoding=\"async\" loading=\"lazy\" width=\"1024\" height=\"768\" src=\"http:\/\/morgangarage.de\/wp-content\/uploads\/2019\/09\/IMGP2472-1024x768.jpg\" alt=\"\" data-id=\"17\" data-link=\"http:\/\/morgangarage.de\/?attachment_id=17\" class=\"wp-image-17\" srcset=\"https:\/\/morgangarage.de\/wp-content\/uploads\/2019\/09\/IMGP2472-1024x768.jpg 1024w, https:\/\/morgangarage.de\/wp-content\/uploads\/2019\/09\/IMGP2472-300x225.jpg 300w, https:\/\/morgangarage.de\/wp-content\/uploads\/2019\/09\/IMGP2472-768x576.jpg 768w, https:\/\/morgangarage.de\/wp-content\/uploads\/2019\/09\/IMGP2472.jpg 1600w\" sizes=\"(max-width: 1024px) 100vw, 1024px\" \/><\/figure><\/li><li class=\"blocks-gallery-item\"><figure><img decoding=\"async\" loading=\"lazy\" width=\"640\" height=\"480\" src=\"http:\/\/morgangarage.de\/wp-content\/uploads\/2019\/09\/IMGP1497.jpg\" alt=\"\" data-id=\"15\" data-link=\"http:\/\/morgangarage.de\/?attachment_id=15\" class=\"wp-image-15\" srcset=\"https:\/\/morgangarage.de\/wp-content\/uploads\/2019\/09\/IMGP1497.jpg 640w, https:\/\/morgangarage.de\/wp-content\/uploads\/2019\/09\/IMGP1497-300x225.jpg 300w\" sizes=\"(max-width: 640px) 100vw, 640px\" \/><\/figure><\/li><li class=\"blocks-gallery-item\"><figure><img decoding=\"async\" loading=\"lazy\" width=\"1024\" height=\"768\" src=\"http:\/\/morgangarage.de\/wp-content\/uploads\/2019\/09\/IMGP4939-1024x768.jpg\" alt=\"\" data-id=\"19\" data-link=\"http:\/\/morgangarage.de\/?attachment_id=19\" class=\"wp-image-19\" srcset=\"https:\/\/morgangarage.de\/wp-content\/uploads\/2019\/09\/IMGP4939-1024x768.jpg 1024w, https:\/\/morgangarage.de\/wp-content\/uploads\/2019\/09\/IMGP4939-300x225.jpg 300w, https:\/\/morgangarage.de\/wp-content\/uploads\/2019\/09\/IMGP4939-768x576.jpg 768w, https:\/\/morgangarage.de\/wp-content\/uploads\/2019\/09\/IMGP4939.jpg 1600w\" sizes=\"(max-width: 1024px) 100vw, 1024px\" \/><\/figure><\/li><\/ul>\n\n\n\n<div class=\"wp-block-image\"><figure class=\"aligncenter\"><img decoding=\"async\" loading=\"lazy\" width=\"461\" height=\"111\" src=\"http:\/\/morgangarage.de\/wp-content\/uploads\/2019\/09\/mg_logo-e1567698646724.gif\" alt=\"\" class=\"wp-image-26\"\/><\/figure><\/div>\n","protected":false},"excerpt":{"rendered":"<p>Wir betreiben einen Spezialbetrieb ausschlie\u00dflich f\u00fcr Morgan und bieten folgende Leistungen: Komplett- und Teilrestaurationen aller Morgan mit langj\u00e4hriger Erfahrung. Wir legen dabei \u00e4u\u00dferst gro\u00dfen Wert auf korrekte, authentische Restaurationen. Viele Referenzen! Unfallschaden-Reparaturen mit sinnvollen Verbesserungen Fahrwerksverbesserungen ausschlie\u00dflich mit hundertefach erprobten und verkauften Komponenten. Langj\u00e4hrige Erfahrung! Effektiv und preiswert! Hardtops f\u00fcr alle 2-sitzer Morgan aus eigener, [&hellip;]<\/p>\n","protected":false},"author":1,"featured_media":0,"parent":0,"menu_order":0,"comment_status":"closed","ping_status":"closed","template":"","meta":[],"_links":{"self":[{"href":"https:\/\/morgangarage.de\/index.php?rest_route=\/wp\/v2\/pages\/4"}],"collection":[{"href":"https:\/\/morgangarage.de\/index.php?rest_route=\/wp\/v2\/pages"}],"about":[{"href":"https:\/\/morgangarage.de\/index.php?rest_route=\/wp\/v2\/types\/page"}],"author":[{"embeddable":true,"href":"https:\/\/morgangarage.de\/index.php?rest_route=\/wp\/v2\/users\/1"}],"replies":[{"embeddable":true,"href":"https:\/\/morgangarage.de\/index.php?rest_route=%2Fwp%2Fv2%2Fcomments&post=4"}],"version-history":[{"count":9,"href":"https:\/\/morgangarage.de\/index.php?rest_route=\/wp\/v2\/pages\/4\/revisions"}],"predecessor-version":[{"id":75,"href":"https:\/\/morgangarage.de\/index.php?rest_route=\/wp\/v2\/pages\/4\/revisions\/75"}],"wp:attachment":[{"href":"https:\/\/morgangarage.de\/index.php?rest_route=%2Fwp%2Fv2%2Fmedia&parent=4"}],"curies":[{"name":"wp","href":"https:\/\/api.w.org\/{rel}","templated":true}]}}